{"id":611,"date":"2017-10-28T14:37:41","date_gmt":"2017-10-28T07:37:41","guid":{"rendered":"https:\/\/modest-copper-lynx.50-6-231-22.cpanel.site\/?page_id=611"},"modified":"2017-11-19T19:40:52","modified_gmt":"2017-11-19T12:40:52","slug":"phau-thuat-rang-mieng","status":"publish","type":"page","link":"https:\/\/modest-copper-lynx.50-6-231-22.cpanel.site\/?page_id=611","title":{"rendered":"Ph\u1eabu Thu\u1eadt R\u0103ng MI\u1ec7ng"},"content":{"rendered":"<h3>\n\t\tPh\u1eabu Thu\u1eadt R\u0103ng MI\u1ec7ng<br \/>\n\t<\/h3>\n<p>Nh\u1ed5 r\u0103ng th\u00f4ng th\u01b0\u1eddng l\u00e0 m\u1ed9t thao t\u00e1c \u0111\u01a1n gi\u1ea3n, th\u01b0\u1eddng ch\u1ec9 l\u00e0m m\u1ed9t l\u1ea7n khi \u0111\u1ebfn kh\u00e1m B\u00e1c s\u1ef9. Sau khi nh\u1ed5 r\u0103ng, n\u01b0\u1edbu r\u0103ng c\u1ea7n th\u1eddi gian \u0111\u1ec3 l\u00e0m l\u00e0nh v\u1ebft th\u01b0\u01a1ng sau \u0111\u00f3 m\u1edbi l\u00e0m c\u1ea7u r\u0103ng, c\u1eafm Implant ho\u1eb7c h\u00e0m h\u00e0m gi\u1ea3 \u0111\u1ec3 ng\u0103n ng\u1eeba s\u1ef1 teo n\u01b0\u1edbu.<\/p>\n<p>&nbsp;<\/p>\n<p>\t\t\t\t<a href=\"http:\/\/modest-copper-lynx.50-6-231-22.cpanel.site\/wp-content\/uploads\/2017\/10\/Nha-Khoa-Thien-Bao-oral-surgery-05.jpg\" target=\"_self\"itemprop=\"url\"><br \/>\n\t\t\t\t<img loading=\"lazy\" decoding=\"async\" src=\"http:\/\/modest-copper-lynx.50-6-231-22.cpanel.site\/wp-content\/uploads\/2017\/10\/Nha-Khoa-Thien-Bao-oral-surgery-05.jpg\" alt=\"Nha-Khoa-Thien-Bao-oral-surgery-05\" itemprop=\"image\" height=\"500\" width=\"825\"  \/><br \/>\n\t\t\t\t<\/a><\/p>\n<h4>Nh\u1ed5 r\u0103ng kh\u00f4n<\/h4>\n<p>R\u0103ng kh\u00f4n, hay c\u00f2n g\u1ecdi l\u00e0 r\u0103ng c\u1ed1i th\u1ee9 ba, l\u00e0 r\u0103ng m\u1ecdc cu\u1ed1i c\u00f9ng. \u00d0a s\u1ed1 ch\u00fang ta c\u00f3 b\u1ed1n r\u0103ng kh\u00f4n, m\u1ecdc \u1edf ph\u00eda sau hai b\u00ean h\u00e0m tr\u00ean v\u00e0 d\u01b0\u1edbi. R\u0103ng kh\u00f4n th\u01b0\u1eddng m\u1ecdc \u1edf tu\u1ed5i thanh ni\u00ean. Nhi\u1ec1u khi r\u0103ng kh\u00f4n b\u1ecb k\u1eb9t hay l\u00e8n trong x\u01b0\u01a1ng h\u00e0m, hay kh\u00f4ng m\u1ecdc \u0111\u01b0\u1ee3c. \u00d0i\u1ec1u n\u00e0y c\u00f3 th\u1ec3 d\u1eabn \u0111\u1ebfn c\u00e1c r\u0103ng kh\u00e1c b\u1ecb ch\u1eadt h\u00e0m hay b\u1ecb \u0111\u1ea9y kh\u1ecfi v\u1ecb tr\u00ed, c\u0169ng nh\u01b0 g\u00e2y s\u00e2u r\u0103ng, nhi\u1ec5m tr\u00f9ng, hay b\u1ec7nh l\u1ee3i c\u1ee5c b\u1ed9. C\u00e1c r\u0103ng kh\u00f4n b\u1ecb l\u00e8n n\u1eb1m \u1edf nh\u1eefng v\u1ecb tr\u00ed b\u1ea5t th\u01b0\u1eddng trong x\u01b0\u01a1ng h\u00e0m, th\u1eadm ch\u00ed c\u00f3 khi n\u1eb1m ngang, v\u00ec th\u1ebf kh\u00f4ng m\u1ecdc b\u00ecnh th\u01b0\u1eddng \u0111\u01b0\u1ee3c.<\/p>\n<p>\t\t\t\t<img loading=\"lazy\" decoding=\"async\" src=\"http:\/\/modest-copper-lynx.50-6-231-22.cpanel.site\/wp-content\/uploads\/2017\/10\/Nha-Khoa-Thien-Bao-oral-surgery-06.jpg\" alt=\"Nha-Khoa-Thien-Bao-oral-surgery-06\" itemprop=\"image\" height=\"416\" width=\"624\"  \/><\/p>\n<h4>Qui tr\u00ecnh nh\u1ed5 r\u0103ng kh\u00f4n<\/h4>\n<ol>\n<li>S\u00e1t khu\u1ea9n mi\u1ec7ng v\u00e0 v\u00f9ng r\u0103ng nh\u1ed5<\/li>\n<li>G\u00e2y t\u00ea v\u00f9ng r\u0103ng nh\u1ed5 (g\u00e2y t\u00ea gi\u00fap l\u00e0m m\u1ea5t \u0111i c\u1ea3m gi\u00e1c \u0111au khi nh\u1ed5 r\u0103ng)<\/li>\n<li>R\u1ea1ch m\u1ed9t \u0111\u01b0\u1eddng \u1edf l\u1ee3i v\u00e0 l\u1ea5y \u0111i ph\u1ea7n x\u01b0\u01a1ng n\u1eb1m tr\u00ean r\u0103ng, \u0111\u1ec3 cho th\u1ea5y \u0111\u01b0\u1ee3c th\u00e2n r\u0103ng b\u1ecb l\u00e8n.<\/li>\n<li>Tu\u1ef3 theo m\u1ee9c \u0111\u1ed9 l\u1ec7ch, ng\u1ea7m, k\u1eb9t c\u1ee7a r\u0103ng m\u00e0 c\u00f3 th\u1ec3 c\u1ea7n ph\u1ea3i chia c\u1eaft r\u0103ng ra \u0111\u1ec3 l\u1ea5y t\u1eebng ph\u1ea7n r\u0103ng ra ngo\u00e0i.<\/li>\n<li>Kh\u00e2u v\u1ebft r\u0103ng nh\u1ed5.<\/li>\n<\/ol>\n<p>\t\t\t\t<a href=\"\/nha-khoa-tong-quat\/nha-khoa-nhi-dong\/\" target=\"_self\"itemprop=\"url\"><br \/>\n\t\t\t\t<img loading=\"lazy\" decoding=\"async\" src=\"http:\/\/modest-copper-lynx.50-6-231-22.cpanel.site\/wp-content\/uploads\/2017\/10\/Nha-Khoa-Thien-Bao-Dental-Clinic-Dental-For-Kids-04-1-300x289.png\" alt=\"Nha-Khoa-Thien-Bao-Dental-Clinic-Dental-For-Kids-04-1\" itemprop=\"image\" height=\"289\" width=\"300\"  \/><br \/>\n\t\t\t\t<\/a><\/p>\n<h3>\n\t\t<a href=\"\/nha-khoa-tong-quat\/nha-khoa-nhi-dong\/\" title=\"Nha Khoa Nhi \u0110\u1ed3ng\" target=\"_self\"><br \/>\n\t\tNha Khoa Nhi \u0110\u1ed3ng<br \/>\n\t\t<\/a><br \/>\n\t<\/h3>\n<p>\t\t\t\t<a href=\"\/nha-khoa-tham-my\/chinh-nha\/\" target=\"_self\"itemprop=\"url\"><br \/>\n\t\t\t\t<img loading=\"lazy\" decoding=\"async\" src=\"http:\/\/modest-copper-lynx.50-6-231-22.cpanel.site\/wp-content\/uploads\/2017\/11\/Nha-Khoa-Thien-Bao-Clinic-Picture-Stream-08-300x289.png\" alt=\"Nha-Khoa-Thien-Bao-Clinic-Picture-Stream-08\" itemprop=\"image\" height=\"289\" width=\"300\"  \/><br \/>\n\t\t\t\t<\/a><\/p>\n<h3>\n\t\t<a href=\"\/nha-khoa-tham-my\/chinh-nha\/\" title=\"Ch\u1ec9nh Nha\" target=\"_self\"><br \/>\n\t\tCh\u1ec9nh Nha<br \/>\n\t\t<\/a><br \/>\n\t<\/h3>\n<p>\t\t\t\t<a href=\"\/nha-khoa-tham-my\/mat-dan-su-veneer\/\" target=\"_self\"itemprop=\"url\"><br \/>\n\t\t\t\t<img loading=\"lazy\" decoding=\"async\" src=\"http:\/\/modest-copper-lynx.50-6-231-22.cpanel.site\/wp-content\/uploads\/2017\/11\/Nha-Khoa-Thien-Bao-Clinic-Picture-Stream-06-300x289.png\" alt=\"Nha-Khoa-Thien-Bao-Clinic-Picture-Stream-06\" itemprop=\"image\" height=\"289\" width=\"300\"  \/><br \/>\n\t\t\t\t<\/a><\/p>\n<h3>\n\t\t<a href=\"\/nha-khoa-tham-my\/mat-dan-su-veneer\/\" title=\"M\u1eb7t d\u00e1n s\u1ee9 Veneer\" target=\"_self\"><br \/>\n\t\tM\u1eb7t d\u00e1n s\u1ee9 Veneer<br \/>\n\t\t<\/a><br \/>\n\t<\/h3>\n<p>\t\t\t\t<a href=\"\/nha-khoa-tong-quat\/phau-thuat-rang-mieng\/\" target=\"_self\"itemprop=\"url\"><br \/>\n\t\t\t\t<img loading=\"lazy\" decoding=\"async\" src=\"http:\/\/modest-copper-lynx.50-6-231-22.cpanel.site\/wp-content\/uploads\/2017\/11\/Nha-Khoa-Thien-Bao-Clinic-Picture-Stream-04-300x289.png\" alt=\"Nha-Khoa-Thien-Bao-Clinic-Picture-Stream-04\" itemprop=\"image\" height=\"289\" width=\"300\"  \/><br \/>\n\t\t\t\t<\/a><\/p>\n<h3>\n\t\t<a href=\"\/nha-khoa-tong-quat\/phau-thuat-rang-mieng\/\" title=\"Ph\u1eabu Thu\u1eadt R\u0103ng MI\u1ec7ng\" target=\"_self\"><br \/>\n\t\tPh\u1eabu Thu\u1eadt R\u0103ng MI\u1ec7ng<br \/>\n\t\t<\/a><br \/>\n\t<\/h3>\n<p><\/p>","protected":false},"excerpt":{"rendered":"<p>Ph\u1eabu Thu\u1eadt R\u0103ng MI\u1ec7ng Nh\u1ed5 r\u0103ng th\u00f4ng th\u01b0\u1eddng l\u00e0 m\u1ed9t thao t\u00e1c \u0111\u01a1n gi\u1ea3n, th\u01b0\u1eddng ch\u1ec9 l\u00e0m m\u1ed9t l\u1ea7n khi \u0111\u1ebfn kh\u00e1m [&hellip;]<\/p>\n","protected":false},"author":2,"featured_media":0,"parent":489,"menu_order":0,"comment_status":"closed","ping_status":"closed","template":"page-templates\/page_fullwidth.php","meta":{"footnotes":""},"class_list":["post-611","page","type-page","status-publish","hentry"],"_links":{"self":[{"href":"https:\/\/modest-copper-lynx.50-6-231-22.cpanel.site\/index.php?rest_route=\/wp\/v2\/pages\/611","targetHints":{"allow":["GET"]}}],"collection":[{"href":"https:\/\/modest-copper-lynx.50-6-231-22.cpanel.site\/index.php?rest_route=\/wp\/v2\/pages"}],"about":[{"href":"https:\/\/modest-copper-lynx.50-6-231-22.cpanel.site\/index.php?rest_route=\/wp\/v2\/types\/page"}],"author":[{"embeddable":true,"href":"https:\/\/modest-copper-lynx.50-6-231-22.cpanel.site\/index.php?rest_route=\/wp\/v2\/users\/2"}],"replies":[{"embeddable":true,"href":"https:\/\/modest-copper-lynx.50-6-231-22.cpanel.site\/index.php?rest_route=%2Fwp%2Fv2%2Fcomments&post=611"}],"version-history":[{"count":0,"href":"https:\/\/modest-copper-lynx.50-6-231-22.cpanel.site\/index.php?rest_route=\/wp\/v2\/pages\/611\/revisions"}],"up":[{"embeddable":true,"href":"https:\/\/modest-copper-lynx.50-6-231-22.cpanel.site\/index.php?rest_route=\/wp\/v2\/pages\/489"}],"wp:attachment":[{"href":"https:\/\/modest-copper-lynx.50-6-231-22.cpanel.site\/index.php?rest_route=%2Fwp%2Fv2%2Fmedia&parent=611"}],"curies":[{"name":"wp","href":"https:\/\/api.w.org\/{rel}","templated":true}]}}