{"id":573,"date":"2017-10-28T13:59:09","date_gmt":"2017-10-28T06:59:09","guid":{"rendered":"https:\/\/modest-copper-lynx.50-6-231-22.cpanel.site\/?page_id=573"},"modified":"2017-12-08T08:02:43","modified_gmt":"2017-12-08T01:02:43","slug":"chinh-nha","status":"publish","type":"page","link":"https:\/\/modest-copper-lynx.50-6-231-22.cpanel.site\/?page_id=573","title":{"rendered":"Ch\u1ec9nh Nha"},"content":{"rendered":"<h3>\n\t\tCh\u1ec9nh Nha<br \/>\n\t<\/h3>\n<p>Ch\u1ec9nh h\u00ecnh r\u0103ng m\u1eb7t hay c\u00f2n g\u1ecdi l\u00e0 ch\u1ec9nh nha &#8211; gi\u00fap s\u1eafp x\u1ebfp c\u00e1c r\u0103ng ngay ng\u1eafn v\u00e0 \u0111\u1ec1u \u0111\u1eb7n \u0111\u1ec3 c\u1ea3i thi\u1ec7n v\u1ec1 ph\u01b0\u01a1ng di\u1ec7n th\u1ea9m m\u1ef9 c\u0169ng nh\u01b0 v\u1ec1 ch\u1ee9c n\u0103ng \u0103n nhai, \u0111\u1ed3ng th\u1eddi vi\u1ec7c \u0111i\u1ec1u tr\u1ecb ch\u1ec9nh nha s\u1edbm s\u1ebd mang \u0111\u1ebfn cho nha s\u0129 ch\u1ec9nh nha c\u01a1 h\u1ed9i:<\/p>\n<ul>\n<li>H\u01b0\u1edbng d\u1eabn s\u1ef1 ph\u00e1t tri\u1ec3n c\u1ee7a x\u01b0\u01a1ng h\u00e0m<\/li>\n<li>Gi\u1ea3m \u0111\u01b0\u1ee3c nguy c\u01a1 l\u00e0m r\u0103ng c\u1eeda b\u1ecb h\u00f4.<\/li>\n<li>S\u1eeda \u0111\u1ed5i nh\u1eefng th\u00f3i quen c\u00f3 h\u1ea1i cho r\u0103ng mi\u1ec7ng.<\/li>\n<li>L\u00e0m t\u0103ng v\u1ebb \u0111\u1eb9p v\u00e0 s\u1ef1 t\u1ef1 tin<\/li>\n<li>H\u01b0\u1edbng d\u1eabn r\u0103ng v\u0129nh vi\u1ec5n m\u1ecdc \u0111\u00fang v\u1ecb tr\u00ed<\/li>\n<li>C\u1ea3i thi\u1ec7n \u0111\u01b0\u1eddng m\u00f4i.<\/li>\n<\/ul>\n<p>\t\t\t\t<a href=\"http:\/\/modest-copper-lynx.50-6-231-22.cpanel.site\/wp-content\/uploads\/2017\/10\/Nha-Khoa-Thien-Bao-oral-surgery-06.jpg\" target=\"_self\"itemprop=\"url\"><br \/>\n\t\t\t\t<img loading=\"lazy\" decoding=\"async\" src=\"http:\/\/modest-copper-lynx.50-6-231-22.cpanel.site\/wp-content\/uploads\/2017\/10\/Nha-Khoa-Thien-Bao-oral-surgery-06.jpg\" alt=\"Nha-Khoa-Thien-Bao-oral-surgery-06\" itemprop=\"image\" height=\"416\" width=\"624\"  \/><br \/>\n\t\t\t\t<\/a><\/p>\n<p>M\u1ed7i b\u1ec7nh nh\u00e2n kh\u00e1c nhau \u0111\u1ec1u c\u00f3 th\u1eddi gian \u0111i\u1ec1u tr\u1ecb ph\u00f9 h\u1ee3p \u0111\u1ec3 \u0111\u1ea1t k\u1ebft qu\u1ea3 t\u1ed1t nh\u1ea5t. Nha s\u0129 ch\u1ec9nh nha l\u00e0 nh\u1eefng chuy\u00ean gia c\u00f3 ki\u1ebfn th\u1ee9c m\u1edbi x\u00e1c \u0111\u1ecbnh \u0111\u00fang th\u1eddi \u0111i\u1ec3m n\u00e0y<\/p>\n<p>\t\t\t\t<img loading=\"lazy\" decoding=\"async\" src=\"http:\/\/modest-copper-lynx.50-6-231-22.cpanel.site\/wp-content\/uploads\/2017\/10\/NhaKhoaThienBao-Orthodontics-01.jpg\" alt=\"teeth with braces\" itemprop=\"image\" height=\"1125\" width=\"1688\"  \/><\/p>\n<h4>Th\u1eddi gian cho vi\u1ec7c ch\u1ec9nh nha:<\/h4>\n<p>Th\u00f4ng th\u01b0\u1eddng nha s\u0129 ch\u1ec9nh nha s\u1ebd \u0111i\u1ec1u ch\u1ec9nh m\u1eafc c\u00e0i m\u1ed7i 3 \u0111\u1ebfn 4 tu\u1ea7n ho\u1eb7c c\u00f3 th\u1ec3 th\u01b0\u1eddng xuy\u00ean h\u01a1n. T\u00f9y thu\u1ed9c v\u00e0o m\u1ed7i tr\u01b0\u1eddng h\u1ee3p m\u00e0 nha s\u0129 s\u1ebd th\u00f4ng b\u00e1o l\u1ea7n h\u1eb9n sau. Hi\u1ec7n nay v\u1edbi h\u1ec7 th\u1ed1ng ch\u1ec9nh nha th\u1ebf h\u1ec7 m\u1edbi, vi\u1ec7c c\u00e2n b\u1eb1ng l\u1ef1c t\u1ed1t h\u01a1n n\u00ean s\u1ed1 l\u1ea7n h\u1eb9n \u0111\u1ec3 \u0111i\u1ec1u ch\u1ec9nh gi\u1ea3m \u0111i nhi\u1ec1u. Nha s\u0129 ch\u1ec9nh nha c\u00f3 th\u1ec3 ch\u1ec9 g\u1eb7p l\u1ea1i b\u1ea1n sau 6 tu\u1ea7n.<\/p>\n<p>&nbsp;<\/p>\n<p>Ngo\u00e0i vi\u1ec7c ch\u1ec9nh nha s\u1eed d\u1ee5ng m\u1eafc c\u00e0i, t\u1ea1i Nha Khoa thi\u00ean B\u1ea3o c\u00f2n cung c\u1ea5p th\u00eam m\u1ed9t ph\u01b0\u01a1ng ph\u00e1p ch\u1ec9nh nha ho\u00e0n to\u00e0n m\u1edbi v\u00e0 hi\u1ec7n \u0111\u1ea1i nh\u1ea5t tr\u00ean th\u1ebf gi\u1edbi hi\u1ec7n nay, \u0111\u00f3 l\u00e0 ph\u01b0\u01a1ng ph\u00e1p ch\u1ec9nh nha kh\u00f4ng c\u1ea7n \u0111eo m\u1eafc c\u00e0i &#8211; Invisalign.<\/p>\n<p>Invisalign s\u1eed d\u1ee5ng m\u1ed9t lo\u1ea1i khay (aligner) trong su\u1ed1t c\u00f3 th\u1ec3 th\u00e1o ra \u0111\u01b0\u1ee3c \u0111\u1ec3 ch\u1ec9nh r\u0103ng m\u00e0 kh\u00f4ng c\u1ea7n \u0111\u1ebfn d\u00e2y v\u00e0 m\u1eafc c\u00e0i kim lo\u1ea1i. Khay Invisalign tr\u00f4ng gi\u1ed1ng nh\u01b0 khay t\u1ea9y tr\u1eafng nh\u01b0ng \u0111\u01b0\u1ee3c l\u00e0m kh\u00edt s\u00e1t h\u01a1n \u0111\u1ec3 di chuy\u1ec3n r\u0103ng, n\u00f3 \u0111\u1ea3m b\u1ea3o b\u1ec1n ch\u1eafc v\u00e0 c\u00f3 t\u00ednh an to\u00e0n cho s\u1ee9c kh\u1ecfe cao<\/p>\n<p>&nbsp;<\/p>\n<p>\t\t\t\t<img loading=\"lazy\" decoding=\"async\" src=\"http:\/\/modest-copper-lynx.50-6-231-22.cpanel.site\/wp-content\/uploads\/2017\/10\/NhaKhoaThienBao-Orthodontics-02.jpg\" alt=\"NhaKhoaThienBao-Orthodontics-02\" itemprop=\"image\" height=\"600\" width=\"900\"  \/><\/p>\n<p>Ngo\u00e0i ra, v\u00ec ho\u00e0n to\u00e0n kh\u00f4ng c\u00f3 d\u00e2y v\u00e0 m\u1eafc c\u00e0i kim lo\u1ea1i, n\u00ean b\u1ea1n s\u1ebd kh\u00f4ng t\u1ed1n nhi\u1ec1u th\u00ec gi\u1edd \u0111\u1ec3 \u0111\u1ebfn nha s\u0129 ch\u1ec9nh nha \u0111\u1ec3 ch\u1ec9nh s\u1eeda. Invisalign s\u1eed d\u1ee5ng nh\u1eefng ti\u1ebfn b\u1ed9 m\u1edbi nh\u1ea5t c\u1ee7a c\u00f4ng ngh\u1ec7 3D \u0111\u1ec3 t\u1ea1o nh\u1eefng b\u1ed9 khay ph\u00f9 h\u1ee3p cho t\u1eebng b\u1ec7nh nh\u00e2n v\u00e0 g\u1ea7n nh\u01b0 kh\u00f4ng ph\u00e1t hi\u1ec7n \u0111\u01b0\u1ee3c d\u1ef1a theo nh\u1eefng ch\u1ec9 d\u1eabn c\u1ee7a nha s\u0129 ch\u1ec9nh nha. Sau khi kh\u00e1m v\u00e0 quy\u1ebft \u0111\u1ecbnh Invisalign c\u00f3 ph\u00f9 h\u1ee3p v\u1edbi b\u1ea1n hay kh\u00f4ng, nha s\u0129 ch\u1ec9nh nha s\u1ebd l\u00ean k\u1ebf ho\u1ea1ch \u0111i\u1ec1u tr\u1ecb v\u00e0 l\u1ea5y d\u1ea5u h\u00e0m r\u0103ng b\u1ea1n \u0111\u1ec3 g\u1edfi \u0111\u1ebfn c\u00f4ng ty Invisalign to\u00e0n c\u1ea7u.<\/p>\n<p>M\u1ed7i b\u1ed9 khay b\u1ea1n s\u1ebd mang trong kho\u1ea3ng 2 tu\u1ea7n, sau \u0111\u00f3 \u0111\u01b0\u1ee3c thay khay m\u1edbi. Khi b\u1ea1n thay khay c\u0169 b\u1eb1ng khay m\u1edbi k\u1ebf ti\u1ebfp trong lo\u1ea1t khay, r\u0103ng c\u1ee7a b\u1ea1n s\u1ebd d\u1ecbch chuy\u1ec3n d\u1ea7n t\u1eebng t\u00ed t\u1eebng t\u00ed, t\u1eeb tu\u1ea7n n\u00e0y qua tu\u1ea7n kh\u00e1c cho \u0111\u1ebfn khi r\u0103ng b\u1ea1n \u0111\u01b0\u1ee3c n\u1eafn ch\u1ec9nh \u0111\u1ebfn v\u1ecb tr\u00ed nh\u01b0 mong \u0111\u1ee3i.<\/p>\n<p>Ng\u01b0\u1eddi \u0111ang \u0111\u01b0\u1ee3c \u0111i\u1ec1u tr\u1ecb ch\u1ec9nh nha s\u1ebd ph\u1ea3i \u0111\u1ebfn g\u1eb7p nha s\u0129 ch\u1ec9nh nha \u0111\u1ec3 ki\u1ec3m tra \u0111\u1ecbnh k\u1ef3, th\u00f4ng th\u01b0\u1eddng kho\u1ea3ng 4-6 tu\u1ea7n m\u1ed9t l\u1ea7n \u0111\u1ec3 b\u1ea3o \u0111\u1ea3m vi\u1ec7c \u0111i\u1ec1u tr\u1ecb \u0111ang ti\u1ebfn tri\u1ec3n nh\u01b0 ho\u1ea1ch \u0111\u1ecbnh. T\u1ed5ng th\u1eddi gian \u0111i\u1ec1u tr\u1ecb trung b\u00ecnh kho\u1ea3ng 9-15 th\u00e1ng v\u00e0 s\u1ed1 l\u01b0\u1ee3ng khay ph\u1ea3i mang kho\u1ea3ng 18-42 khay. Tuy nhi\u00ean, th\u1eddi gian \u0111i\u1ec1u tr\u1ecb v\u00e0 s\u1ed1 l\u01b0\u1ee3ng khay thay \u0111\u1ed5i t\u00f9y thu\u1ed9c v\u00e0o \u0111\u1ed9 kh\u00f3 c\u1ee7a t\u1eebng tr\u01b0\u1eddng h\u1ee3p.<\/p>\n<h4>M\u1ed9t s\u1ed1 tr\u01b0\u1eddng h\u1ee3p \u00e1p d\u1ee5ng cho ch\u1ec9nh nha<\/h4>\n<p><strong>R\u0103ng c\u1eeda tr\u00ean nh\u00f4 ra nhi\u1ec1u :<\/strong><\/p>\n<p>\u0110\u00e2y l\u00e0 lo\u1ea1i h\u00ecnh ch\u1ec9nh nha ph\u1ed5 bi\u1ebfn nh\u1ea5t<\/p>\n<p><strong>R\u0103ng m\u1ecdc chen ch\u00fat:<\/strong><\/p>\n<p>H\u00e0m b\u1ecb h\u1eb9p kh\u00f4ng \u0111\u1ee7 ch\u1ed7 cho r\u0103ng m\u1ecdc h\u1ebft, nh\u01b0ng ng\u01b0\u1ee3c l\u1ea1i c\u0169ng c\u00f3 nhi\u1ec1u b\u1ec7nh nh\u00e2n c\u00f3 nh\u1eefng kh\u1ecfang tr\u1ed1ng \u0111\u00e1ng k\u1ec3 gi\u1eefa hai h\u00e0m r\u0103ng c\u1ee7a m\u00ecnh.<\/p>\n<p><strong>R\u0103ng m\u1ecdc kh\u00f4ng \u0111\u1ed1i x\u1ee9ng:<\/strong><\/p>\n<p>\u0110\u1eb7c bi\u1ec7t khi c\u00e1c \u0111\u01b0\u1eddng trung t\u00e2m c\u1ee7a r\u0103ng c\u1eeda tr\u00ean v\u00e0 d\u01b0\u1edbi kh\u00f4ng ph\u00f9 h\u1ee3p, c\u00f3 l\u1ebd b\u1edfi v\u00ec r\u0103ng \u0111\u00e3 tr\u00f4i d\u1ea1t ho\u1eb7c \u0111\u00e3 thay \u0111\u1ed5i v\u1ecb tr\u00ed c\u1ee7a h\u00e0m.<\/p>\n<p><strong>C\u1eafn ngo\u00e0i:<\/strong><\/p>\n<p>C\u1ea1nh c\u1eafn h\u00e0m d\u01b0\u1edbi \u0111\u01b0a v\u00e0o trong qu\u00e1 nhi\u1ec1u<\/p>\n<p><strong>C\u1eafn c\u1ea1nh trong:<\/strong><\/p>\n<p>R\u0103ng h\u00e0m tr\u00ean c\u1eafn v\u00e0o b\u00ean trong c\u1ee7a r\u0103ng h\u00e0m d\u01b0\u1edbi.<\/p>\n<p>\t\t\t\t<img loading=\"lazy\" decoding=\"async\" src=\"http:\/\/modest-copper-lynx.50-6-231-22.cpanel.site\/wp-content\/uploads\/2017\/10\/where-to-buy-teeth-whitening.jpg\" alt=\"where-to-buy-teeth-whitening\" itemprop=\"image\" height=\"768\" width=\"1024\"  \/><br \/>\n\t\t\t\t<a href=\"\/nha-khoa-tong-quat\/nha-khoa-nhi-dong\/\" target=\"_self\"itemprop=\"url\"><br \/>\n\t\t\t\t<img loading=\"lazy\" decoding=\"async\" src=\"http:\/\/modest-copper-lynx.50-6-231-22.cpanel.site\/wp-content\/uploads\/2017\/10\/Nha-Khoa-Thien-Bao-Dental-Clinic-Dental-For-Kids-04-1-300x289.png\" alt=\"Nha-Khoa-Thien-Bao-Dental-Clinic-Dental-For-Kids-04-1\" itemprop=\"image\" height=\"289\" width=\"300\"  \/><br \/>\n\t\t\t\t<\/a><\/p>\n<h3>\n\t\t<a href=\"\/nha-khoa-tong-quat\/nha-khoa-nhi-dong\/\" title=\"Nha Khoa Nhi \u0110\u1ed3ng\" target=\"_self\"><br \/>\n\t\tNha Khoa Nhi \u0110\u1ed3ng<br \/>\n\t\t<\/a><br \/>\n\t<\/h3>\n<p>\t\t\t\t<a href=\"\/nha-khoa-tham-my\/chinh-nha\/\" target=\"_self\"itemprop=\"url\"><br \/>\n\t\t\t\t<img loading=\"lazy\" decoding=\"async\" src=\"http:\/\/modest-copper-lynx.50-6-231-22.cpanel.site\/wp-content\/uploads\/2017\/11\/Nha-Khoa-Thien-Bao-Clinic-Picture-Stream-08-300x289.png\" alt=\"Nha-Khoa-Thien-Bao-Clinic-Picture-Stream-08\" itemprop=\"image\" height=\"289\" width=\"300\"  \/><br \/>\n\t\t\t\t<\/a><\/p>\n<h3>\n\t\t<a href=\"\/nha-khoa-tham-my\/chinh-nha\/\" title=\"Ch\u1ec9nh Nha\" target=\"_self\"><br \/>\n\t\tCh\u1ec9nh Nha<br \/>\n\t\t<\/a><br \/>\n\t<\/h3>\n<p>\t\t\t\t<a href=\"\/nha-khoa-tham-my\/mat-dan-su-veneer\/\" target=\"_self\"itemprop=\"url\"><br \/>\n\t\t\t\t<img loading=\"lazy\" decoding=\"async\" src=\"http:\/\/modest-copper-lynx.50-6-231-22.cpanel.site\/wp-content\/uploads\/2017\/11\/Nha-Khoa-Thien-Bao-Clinic-Picture-Stream-06-300x289.png\" alt=\"Nha-Khoa-Thien-Bao-Clinic-Picture-Stream-06\" itemprop=\"image\" height=\"289\" width=\"300\"  \/><br \/>\n\t\t\t\t<\/a><\/p>\n<h3>\n\t\t<a href=\"\/nha-khoa-tham-my\/mat-dan-su-veneer\/\" title=\"M\u1eb7t d\u00e1n s\u1ee9 Veneer\" target=\"_self\"><br \/>\n\t\tM\u1eb7t d\u00e1n s\u1ee9 Veneer<br \/>\n\t\t<\/a><br \/>\n\t<\/h3>\n<p>\t\t\t\t<a href=\"\/nha-khoa-tong-quat\/phau-thuat-rang-mieng\/\" target=\"_self\"itemprop=\"url\"><br \/>\n\t\t\t\t<img loading=\"lazy\" decoding=\"async\" src=\"http:\/\/modest-copper-lynx.50-6-231-22.cpanel.site\/wp-content\/uploads\/2017\/11\/Nha-Khoa-Thien-Bao-Clinic-Picture-Stream-04-300x289.png\" alt=\"Nha-Khoa-Thien-Bao-Clinic-Picture-Stream-04\" itemprop=\"image\" height=\"289\" width=\"300\"  \/><br \/>\n\t\t\t\t<\/a><\/p>\n<h3>\n\t\t<a href=\"\/nha-khoa-tong-quat\/phau-thuat-rang-mieng\/\" title=\"Ph\u1eabu Thu\u1eadt R\u0103ng MI\u1ec7ng\" target=\"_self\"><br \/>\n\t\tPh\u1eabu Thu\u1eadt R\u0103ng MI\u1ec7ng<br \/>\n\t\t<\/a><br \/>\n\t<\/h3>\n<p><\/p>","protected":false},"excerpt":{"rendered":"<p>Ch\u1ec9nh Nha Ch\u1ec9nh h\u00ecnh r\u0103ng m\u1eb7t hay c\u00f2n g\u1ecdi l\u00e0 ch\u1ec9nh nha &#8211; gi\u00fap s\u1eafp x\u1ebfp c\u00e1c r\u0103ng ngay ng\u1eafn v\u00e0 \u0111\u1ec1u [&hellip;]<\/p>\n","protected":false},"author":2,"featured_media":0,"parent":476,"menu_order":0,"comment_status":"closed","ping_status":"closed","template":"page-templates\/page_fullwidth.php","meta":{"footnotes":""},"class_list":["post-573","page","type-page","status-publish","hentry"],"_links":{"self":[{"href":"https:\/\/modest-copper-lynx.50-6-231-22.cpanel.site\/index.php?rest_route=\/wp\/v2\/pages\/573","targetHints":{"allow":["GET"]}}],"collection":[{"href":"https:\/\/modest-copper-lynx.50-6-231-22.cpanel.site\/index.php?rest_route=\/wp\/v2\/pages"}],"about":[{"href":"https:\/\/modest-copper-lynx.50-6-231-22.cpanel.site\/index.php?rest_route=\/wp\/v2\/types\/page"}],"author":[{"embeddable":true,"href":"https:\/\/modest-copper-lynx.50-6-231-22.cpanel.site\/index.php?rest_route=\/wp\/v2\/users\/2"}],"replies":[{"embeddable":true,"href":"https:\/\/modest-copper-lynx.50-6-231-22.cpanel.site\/index.php?rest_route=%2Fwp%2Fv2%2Fcomments&post=573"}],"version-history":[{"count":0,"href":"https:\/\/modest-copper-lynx.50-6-231-22.cpanel.site\/index.php?rest_route=\/wp\/v2\/pages\/573\/revisions"}],"up":[{"embeddable":true,"href":"https:\/\/modest-copper-lynx.50-6-231-22.cpanel.site\/index.php?rest_route=\/wp\/v2\/pages\/476"}],"wp:attachment":[{"href":"https:\/\/modest-copper-lynx.50-6-231-22.cpanel.site\/index.php?rest_route=%2Fwp%2Fv2%2Fmedia&parent=573"}],"curies":[{"name":"wp","href":"https:\/\/api.w.org\/{rel}","templated":true}]}}